 the prime factors of 143843878?
2, 5281, 13619
What are the prime factors of 1688519944?
2, 193, 457, 2393
What are the prime factors of 59932122?
2, 3, 9988687
What are the prime factors of 325696347?
3, 19, 487, 3911
What are the prime factors of 22411732?
2, 7, 800419
What are the prime factors of 142296388?
2, 13, 29, 127, 743
What are the prime factors of 197769033?
3, 7, 11, 37, 857
What are the prime factors of 26526519?
3, 223, 13217
List the prime factors of 132389748.
2, 3, 23, 223, 239
What are the prime factors of 627884654?
2, 313942327
List the prime factors of 32240300.
2, 5, 322403
What are the prime factors of 191680853?
7, 13, 2106383
What are the prime factors of 57097055?
5, 11419411
List the prime factors of 59760806.
2, 7, 103, 41443
List the prime factors of 1476443264.
2, 37, 311749
List the prime factors of 4465738140.
2, 3, 5, 7013, 10613
What are the prime factors of 57876407?
107, 540901
List the prime factors of 6073056.
2, 3, 11, 71
What are the prime factors of 128631360?
2, 3, 5, 11, 13, 937
What are the prime factors of 1105361236?
2, 7, 37, 61, 17491
What are the prime factors of 293787851?
7, 53, 349, 2269
List the prime factors of 428770765.
5, 31, 2766263
List the prime factors of 42134763.
3, 11, 97, 13163
List the prime factors of 36438095.
5, 23, 316853
List the prime factors of 296078286.
2, 3, 7, 47, 3061
What are the prime factors of 89622193?
89622193
List the prime factors of 77959638.
2, 3, 1443697
List the prime factors of 1481418372.
2, 3, 7, 19, 997
What are the prime factors of 819907098?
2, 3, 136651183
What are the prime factors of 730804650?
2, 3, 5, 107, 45533
What are the prime factors of 15636472?
2, 71, 27529
List the prime factors of 2245289268.
2, 3, 1021, 183259
What are the prime factors of 438106800?
2, 3, 5, 365089
What are the prime factors of 735432018?
2, 3, 1481, 82763
List the prime factors of 61966533.
3, 29, 389, 1831
What are the prime factors of 9502452?
2, 3, 263957
What are the prime factors of 70815008?
2, 11, 18289
List the prime factors of 310445072.
2, 7, 2771831
List the prime factors of 1540302953.
7, 677, 325027
List the prime factors of 353606559.
3, 117868853
List the prime factors of 4996474405.
5, 13, 76868837
What are the prime factors of 5591452398?
2, 3, 7, 23, 1171, 4943
List the prime factors of 344789417.
7, 79, 107, 5827
What are the prime factors of 7862178?
2, 3, 1310363
List the prime factors of 159775323.
3, 233, 228577
List the prime factors of 149852822.
2, 7, 31, 487, 709
List the prime factors of 220133809.
7, 29, 1084403
List the prime factors of 190615170.
2, 3, 5, 1747, 3637
What are the prime factors of 63682514?
2, 7, 4548751
List the prime factors of 1054056032.
2, 17, 1937603
What are the prime factors of 555521317?
13, 647, 66047
List the prime factors of 572399620.
2, 5, 13, 23, 37, 199
What are the prime factors of 112616345?
5, 37, 608737
List the prime factors of 2994064509.
3, 197, 5066099
List the prime factors of 72077443.
37, 103, 18913
List the prime factors of 358262436.
2, 3, 7, 4265029
What are the prime factors of 365412886?
2, 182706443
List the prime factors of 910884916.
2, 23, 9900923
What are the prime factors of 65212375?
5, 31, 16829
List the prime factors of 1875485060.
2, 5, 19, 4935487
List the prime factors of 77979461.
7, 37, 301079
What are the prime factors of 434241153?
3, 48249017
List the prime factors of 44937422.
2, 22468711
What are the prime factors of 393953988?
2, 3, 17, 103, 18749
List the prime factors of 812935256.
2, 7, 89, 163109
List the prime factors of 29088588.
2, 3, 127, 19087
List the prime factors of 2875059359.
37, 41, 53, 35759
List the prime factors of 252724784.
2, 13, 71, 109, 157
List the prime factors of 55563131.
13, 61, 70067
What are the prime factors of 102326853?
3, 2347, 14533
What are the prime factors of 70916402?
2, 35458201
List the prime factors of 3049759796.
2, 23, 59, 89, 107
List the prime factors of 40317476.
2, 2207, 4567
What are the prime factors of 471293164?
2, 117823291
List the prime factors of 264859807.
3037, 87211
List the prime factors of 38149599.
3, 67, 189799
List the prime factors of 86589225.
3, 5, 384841
What are the prime factors of 264178544?
2, 7, 2358737
List the prime factors of 1002631712.
2, 17, 41, 44953
What are the prime factors of 255690166?
2, 17, 2131, 3529
What are the prime factors of 27582264?
2, 3, 43, 59, 151
List the prime factors of 1672395417.
3, 7, 11, 17, 15773
List the prime factors of 41147398.
2, 53, 388183
List the prime factors of 350436.
2, 3, 19, 29, 53
What are the prime factors of 4245880005?
3, 5, 853, 36871
What are the prime factors of 800165234?
2, 11, 36371147
What are the prime factors of 25860148?
2, 1283, 5039
What are the prime factors of 505280597?
41, 47, 263, 997
What are the prime factors of 360478494?
2, 3, 23, 37, 101, 233
What are the prime factors of 2486180320?
2, 5, 13, 163, 7333
What are the prime factors of 23337521?
47, 97, 5119
What are the prime factors of 4348581392?
2, 97, 2801921
What are the prime factors of 26460558?
2, 3, 389, 3779
List the prime factors of 1676771260.
2, 5, 41, 2044843
List the prime factors of 708212143.
31, 659, 34667
What are the prime factors of 486216410?
2, 5, 47, 1034503
List the prime factors of 85308537.
3, 19, 1496641
What are the prime factors of 6302278?
2, 3151139
List the prime factors of 69821511.
3, 53, 157, 2797
List the prime factors of 106581013.
7, 11, 19, 263, 277
List the prime factors of 1876607801.
1103, 1701367
List the prime factors of 151182586.
2, 75591293
List the prime factors of 631729707.
3, 7, 17, 23, 29, 379
List the prime factors of 45947716.
2, 29, 41, 9661
What are the prime factors of 2130236496?
2, 3, 1643701
What are the prime factors of 52909746?
2, 3, 17, 29, 31, 577
What are the prime factors of 683870238?
2, 3, 37992791
What are the prime factors of 1558882272?
2, 3, 2351, 6907
What are the prime factors of 5965610219?
47, 126927877
List the prime factors of 128178596.
2, 7, 13, 397, 887
What are the prime factors of 236287324?
2, 7, 13, 649141
What are the prime factors of 2626227994?
2, 13, 19, 29, 183319
What are the prime factors of 84286403?
139, 167, 3631
What are the prime factors of 346403155?
5, 7, 19, 193, 2699
What are the prime factors of 5105610794?
2, 23, 109, 1018271
What are the prime factors of 31240242?
2, 3, 11, 47, 373
What are the prime factors of 2487850?
2, 5, 49757
What are the prime factors of 53513839?
53513839
List the prime factors of 285124274.
2, 142562137
List the prime factors of 249182895.
3, 5, 13, 98297
What are the prime factors of 166684325?
5, 47, 127, 1117
List the prime factors of 26127206.
2, 7, 47, 59, 673
What are the prime factors of 2404467876?
2, 3, 200372323
What are the prime factors of 782810811?
3, 19, 1409
List the prime factors of 72481204.
2, 593, 30557
What are the prime factors of 2770263657?
3, 7, 29, 251, 863
What are the prime factors of 94633174?
2, 47316587
What are the prime factors of 295566372?
2, 3, 53, 97, 1597
List the prime factors of 5998336.
2, 23431
What are the prime factors of 1935166450?
2, 5, 7, 5529047
List the prime factors of 9668586.
2, 3, 131, 12301
List the prime factors of 76221829.
17, 41, 109357
List the prime factors of 429623451.
3, 31, 1539869
What are the prime factors of 48553488?
2, 3, 173, 1949
What are the prime factors of 852040139?
67, 967, 13151
List the prime factors of 391081771.
31, 12615541
List the prime factors of 1021134644.
2, 101, 2527561
What are the prime factors of 126324700?
2, 5, 1263247
List the prime factors of 6404142330.
2, 3, 5, 71157137
What are the prime factors of 1250510284?
2, 107, 2921753
List the prime factors of 552068827.
79, 6988213
List the prime factors of 104572931.
181, 577751
What are the prime factors of 33663275?
5, 503, 2677
List the prime factors of 33743599.
23, 1031, 1423
List the prime factors of 1388553780.
2, 3, 5, 23142563
What are the prime factors of 1652680210?
2, 5, 127, 1301323
List the prime factors of 871128311.
7963, 109397
What are the prime factors of 58228326?
2, 3, 13, 248839
List the prime factors of 66217493.
66217493
List the prime factors of 2643924765.
3, 5, 19, 257, 3609